be j(-3). Let h = 19 + -14. Suppose b + 2*a = a + 3, -b + h*a = y. List the prime factors of b.
2
What are the prime factors of (-1675)/(-30) + (-1)/(-6)?
2, 7
Suppose -2*q + z = -3*q - 1, -3*z = 5*q - 3. Suppose -q*w + w = -8, 0 = 4*k + 2*w - 76. What are the prime factors of k?
17
Let w(a) = -3*a + 0*a**2 + 3*a**2 + 5 + 0*a**2. List the prime factors of w(2).
11
Let t(d) = d**2 + 3*d + 2. Let n be t(-2). Suppose -3*x + 7*x - 44 = n. Suppose -3*s = p - 33 + x, -4*s + p + 20 = 0. What are the prime factors of s?
2, 3
Let u(l) = -l**3 + 14*l**2 - 11*l + 17. Let p be u(13). Let t = p - 24. What are the prime factors of t?
19
Let t(f) = -f**2 + 14*f - 11. List the prime factors of t(13).
2
Suppose -y + 5*k + 144 = 0, 612 = -0*y + 5*y + 2*k. List the prime factors of y.
2, 31
Let t = -7 + 5. List the prime factors of (-9)/(-3) + t - -12.
13
Suppose 3*b - 3*k = 2*b + 4, -k = -3*b + 12. Suppose -89 = -b*s + 3*y, -2*s + 2*y = -22 - 24. List the prime factors of s.
2, 5
Suppose 0 = 2*w - 25 - 51. Let n = 5 + w. What are the prime factors of n?
43
List the prime factors of (-2156)/(-13) + (24/39)/4.
2, 83
Let p(q) = 3*q**2 - 7*q - 4. List the prime factors of p(8).
2, 3, 11
Let g = 64 - -22. List the prime factors of g.
2, 43
Suppose 0 = 5*a + 20, l + l = a + 280. List the prime factors of l.
2, 3, 23
Let m(p) = -p**3 + 6*p**2 + 7*p - 9. Let l be m(7). Let a = 4 + l. Let u = 13 + a. What are the prime factors of u?
2
Suppose 2*r = -2*r - 8. What are the prime factors of (r/6)/(2/(-90))?
3, 5
Let r be 1/2 - 6/(-4). Suppose 0 = -3*c - 3*t + 8*t - r, c = 4*t - 10. List the prime factors of c.
2, 3
Suppose -f - 50 = -6*f. Let v = f + -9. What are the prime factors of v + 0 + -2 + 15?
2, 7
What are the prime factors of 2 + (-2 - 32*(2 + -8))?
2, 3
Let s = 126 - 89. List the prime factors of s.
37
Suppose -3*a + 406 - 127 = 0. List the prime factors of a.
3, 31
Suppose l + 0*l - 57 = 0. List the prime factors of l.
3, 19
Suppose 4*f - 128 - 28 = 0. What are the prime factors of f?
3, 13
What are the prime factors of (-38)/57 + 86/3?
2, 7
Let h(d) = 5*d**2 - d. Suppose -4*i = -2*t, 5*i - 2*t - 18 = -4*t. What are the prime factors of h(i)?
2, 3
Suppose 0 = -2*g + 23 + 105. What are the prime factors of g?
2
Let y(b) = -b**3 - 2*b**2 + 2*b + 4. Let z be y(-3). Suppose -c = -z + 2. Suppose -a + 6 = -c*f - 17, -4*a + 3*f = -24. List the prime factors of a.
3
Let b be 0/((-6)/(-2)) + -10. List the prime factors of (b/(-5))/((-2)/(-4)).
2
Let l(h) = 4*h**3 - 2*h**2 + 2. Let d(m) = -m**3 + m**2. Let z(u) = 3*d(u) + l(u). List the prime factors of z(0).
2
Let y(p) = p**3 - 1. Let t(j) = j**3 + 7*j**2 - 6*j - 5. Let a(l) = -t(l) + 2*y(l). List the prime factors of a(6).
3
Let o(v) be the third derivative of v**5/120 - v**4/6 + v**3/6 - v**2. Let m(c) be the first derivative of o(c). What are the prime factors of m(7)?
3
Suppose 5*h + 253 = -5*p + 6*p, 0 = 3*p + 2*h - 793. What are the prime factors of p?
263
Let k(n) = -2*n**2 + 4*n - 3. Let g be k(6). Let l = -3 - -5. List the prime factors of g/(-7) - l/7.
7
Let l = 25 - 6. What are the prime factors of l?
19
Let k = 224 + -87. What are the prime factors of k?
137
Let w(n) be the second derivative of -n**3/3 - 5*n**2 - 2*n. List the prime factors of w(-10).
2, 5
Suppose 3*u - 5*k = -0*u - 9, 5*u = 5*k - 5. Let t be (u/3)/(6/63). Suppose 4*b = 2*a - 4, 5*b - 8 - t = 0. List the prime factors of a.
2
Suppose 3*o + 2 - 8 = 0. Suppose 2*l = -2*l + 20. Suppose 2*q - 2*p = -q + 10, -o*p - 22 = -l*q. What are the prime factors of q?
2, 3
Let r(o) = 6*o - 13. What are the prime factors of r(7)?
29
Suppose -2*k + 4*k = 3*y + 8, 0 = 3*k - 4*y - 11. Suppose z + 5*c = -1 - 7, 2*z = -5*c - 11. List the prime factors of -1*z/3 + k.
2
Let h(a) = a**2 + 2*a - 6. Let l be h(5). Suppose -27 = -4*o + l. List the prime factors of o.
2, 7
Let t be (-4 - -4) + 1*92. Let v = t + -51. List the prime factors of v.
41
Suppose -8 = 2*k + 14. Let g = k - -13. List the prime factors of g.
2
Let r be 2*7*4/(-8). List the prime factors of (r/(-2))/((-2)/(-4)).
7
Suppose -4*u - 92 = -0*u. Suppose 0 = -2*k + 2*c - 76, k - 143 = 5*k - c. Let d = u - k. What are the prime factors of d?
2, 3
Suppose 2*n = 25 + 87. What are the prime factors of n?
2, 7
Let a be 99/(-6)*2/(-3). Let k = 16 - a. Suppose j + 3 = -k*d - 7, 0 = -2*j - d + 7. What are the prime factors of j?
5
Let d be 16/10 + (-4)/(-10). Suppose d*q + 5*m - 9 = 0, 3*q - 15 = q + m. Suppose q - 2 = f. List the prime factors of f.
5
Suppose 3*d = d + 58. Suppose h = 3*f + d, h - 88 = -3*h + 5*f. List the prime factors of h.
17
What are the prime factors of (6 - 5) + (-2 - -4)?
3
Suppose 0 = 3*w - 4*h - 20, -5*w - h + 20 = -5*h. Suppose 2*q + 3*q = -5*k + 45, -2*q = 5*k - 51. Suppose -k = -b - w*b. What are the prime factors of b?
11
Let z = 3 + 0. Suppose z*h = -2*h + 5. List the prime factors of (h + -1 - -2) + 9.
11
Let m(n) = -n**3 - 2*n**2 - 5. List the prime factors of m(-4).
3
Suppose -3*b + 0*b = 18. Let c = b + 18. What are the prime factors of c?
2, 3
Let a = 11 - 6. Suppose 0 = -k - 2*i + 12, -2*i = -a*k - 3*i + 24. Suppose k*b + u - 58 = -4*u, -3*u = -6. What are the prime factors of b?
2, 3
Let b(y) = -14*y + 6. List the prime factors of b(-25).
2, 89
Let m be (-2)/(-9) - 493/(-9). Suppose -3 = 3*q, 2*u + q - 1 = -2*q. Suppose -3*v = u*v - m. List the prime factors of v.
11
Suppose -2*p + 61 = -21. List the prime factors of p.
41
List the prime factors of (-37)/(-1) - 0 - (47 - 46).
2, 3
Let b = 10 + -7. Suppose -2*q - 100 = b*q. Let t = -13 - q. List the prime factors of t.
7
Suppose 0 = -5*m + 770 + 185. Suppose -4*j - 3*c + m = 0, j - 2*c = -2*j + 156. What are the prime factors of j?
2, 5
Let c(d) = 3 - 5*d + 2*d + 0*d + 2*d**2. Let f = -5 - -8. What are the prime factors of c(f)?
2, 3
Suppose 5*i + 105 = 255. List the prime factors of (i + -7)/(0 - -1).
23
Let z(w) = -w**3 - w**2 - w + 2. Let v be z(0). Suppose 3*g - v*g - 16 = 0. What are the prime factors of g?
2
Let g = 2 - 2. Let u(q) = -q + 9. Let s be u(0). Suppose g*d + s = d. What are the prime factors of d?
3
Let b(m) = 4*m - 1. List the prime factors of b(6).
23
Let k = 16 - -3. List the prime factors of k.
19
Let l(u) = -u**2 - 10*u - 11. Let m = -4 + 8. Suppose -x + 24 = -m*x. What are the prime factors of l(x)?
5
Let h(g) = 18*g**2 - 4*g + 7. What are the prime factors of h(2)?
71
Let g(h) = h**2 - 3*h - 7. Let t(q) = -2*q**2 + 7*q + 13. Let w(y) = 7*g(y) + 4*t(y). Let x be w(7). Let o(s) = 5*s - 2. What are the prime factors of o(x)?
13
Suppose 4*o = -20 + 124. Suppose 2*a = 4, a = -u - 7 + o. What are the prime factors of u?
17
Let s be (67 + -1)*(-12)/(-9). Suppose 3*d + d - s = 0. What are the prime factors of d?
2, 11
Suppose -25 = -5*h + 10. Suppose 5*p - 32 = -3*w, -5*w + h = 3*p - 25. List the prime factors of p.
2
Suppose -5*r + 2*r = -264. What are the prime factors of r?
2, 11
Let f(n) = -n**3 - 6*n**2 - 6*n. Let t be f(-5). Suppose t = -5*b + 45. List the prime factors of b.
2
Let z = -34 - -58. Suppose -4*p = -112 + z. List the prime factors of p.
2, 11
Let t = 1 - 1. Suppose t = -4*j + 2*y + 4, 4*y = -0*j + 5*j - 5. List the prime factors of 6/((-10)/16 + j).
2
Let v = 2 - 2. Let n be (-5)/(v + (-3 - -2)). Suppose -p = -n - 1. What are the prime factors of p?
2, 3
What are the prime factors of (-14)/(-5) + -3 - (-766)/5?
3, 17
Suppose 5*k - q = -76, 4*k + 0*q + q = -68. Suppose 2*j = 4*a + 70, 2*j + 3*a - 70 = a. Let y = k + j. List the prime factors of y.
19
Let g = -46 + 80. What are the prime factors of g?
2, 17
What are the prime factors of (-2)/8 + 82/8?
2, 5
Suppose 6*h - 72 = 4*h. List the prime factors of h.
2, 3
Suppose -2*d = 5*f - 38, d + 0*d - 28 = 2*f. Let u = d - 16. What are the prime factors of u/28 + (-68)/(-7)?
2, 5
Let r = 17 + 21. Let c = r - 27. What are the prime factors of c?
11
Let f = 3 - 0. Suppose -5*y + 73 = 2*w, -4*w - y + 116 = f*y. List the prime factors of w.
2, 3
Let a be ((-6)/4)/(9/(-12)). Let p be 1 - 1 - (a - 0). What are the prime factors of (-6 + 4)*5/p?
5
Let t be (2/5 - 1)*-5. Suppose -6*d = -t*d - 30. List the prime factors of d.
2, 5
Suppose 0 = -5*p + 4*g + 90, -p - p = -4*g - 48. Suppose -2 = x - p. List the prime factors of x.
2, 3
Let c(i) = i**3 -